 160 = 0, -2*n - 3*r + 11 + 57 = p. Calculate the highest common factor of 56 and n.
28
Suppose 72 = 3*h - h. Suppose -5*x - h = 14. Let k(q) = -q**3 - 10*q**2 - 3*q + 10. Let l be k(x). Calculate the highest common factor of 5 and l.
5
Let b = -1141 + 1154. What is the greatest common divisor of 1469 and b?
13
Let m = 0 - -129. Calculate the highest common divisor of m and 3.
3
Let t(f) = -f**3 - 4*f**2 - 5. Let d be t(-5). Let v be (1/5*0)/(-2). Suppose v = -p + 10 - 0. What is the highest common divisor of p and d?
10
Let t = -214 - -259. Calculate the highest common factor of t and 180.
45
Let l be (-10481068)/(-2332) + 6/11. Calculate the greatest common factor of 29 and l.
29
Let y(j) = 3*j**2 + 11*j - 98. Let a be y(5). What is the highest common factor of 1 and a?
1
Suppose -5*l + 2*y + 113 + 29 = 0, -2*l + 52 = 4*y. Calculate the highest common factor of 8 and l.
4
Let z = -4908 + 4963. Let m = 8 - 5. Let l = m - -2. Calculate the highest common factor of z and l.
5
Suppose 28*s = 29*s + 3*l + 12, 0 = -3*s + 4*l + 29. What is the highest common divisor of 39 and s?
3
Let n = 988 - 583. Calculate the greatest common divisor of 15 and n.
15
Let z = 7 - 7. Suppose -s - s - 33 = -5*b, -b + 5 = z. Let n be ((-56)/(-35))/(s/(-30)). What is the greatest common divisor of n and 60?
12
Let a be 16 - (62 + -6)/7. What is the highest common factor of 496 and a?
8
Suppose -32*u = -22*u - 480. Calculate the greatest common divisor of u and 276.
12
Suppose z + 181 + 57 = 0. Let f be (-16)/(-88) - z/22. What is the highest common factor of f and 44?
11
Suppose -2*q + 20 = -q. Suppose 4 = 2*f, 3*l - 174*f + 169*f = 50. What is the greatest common factor of l and q?
20
Let z(a) = -2*a**2 - 85*a - 124. Let l be z(-40). Calculate the highest common divisor of l and 304.
76
Let u = -602 + 656. Calculate the greatest common factor of u and 144.
18
Let f be (-1138)/(-9) - 88/198. Let c(k) = k**2 - 7*k. Let y be (90/(-50))/(1/(-5)). Let d be c(y). Calculate the highest common factor of f and d.
18
Let m(n) be the first derivative of 25*n**4 - 2*n**3/3 + n - 7. Let i = -39 + 40. Let k be m(i). Calculate the highest common divisor of k and 9.
9
Let l(s) = 3*s**2 + 11*s - 49. Let f be ((-18)/(-150)*15)/((-3)/(-10)). Let o be l(f). What is the highest common divisor of o and 25?
25
Let n be (-36)/24*32/(-3). Suppose -w - 2*h - 118 = -5*w, 2*w + 3*h - 79 = 0. What is the greatest common divisor of w and n?
16
Let k = 96 - 82. Let v(z) = z**3 - 10*z**2 + 8*z - 10. Let g be v(10). What is the highest common factor of k and g?
14
Let b be 2/3 + 320/(-3). Let j = b - -152. What is the greatest common factor of 23 and j?
23
Suppose 5*h - 2*g - 2710 = g, 2*g = -10. Calculate the greatest common factor of 22 and h.
11
Suppose -4*d - 26 + 130 = 0. Let l = 80 - d. What is the greatest common divisor of l and 18?
18
Let k = -4 - -4. Let g be 5*(18/5 - k). Suppose 5*n = -2*f - 2*f + 43, 3*f - 4*n = 40. Calculate the highest common factor of f and g.
6
Let j = -668 - -941. What is the greatest common factor of 21 and j?
21
Let c(w) = w**2 + 11*w + 14. Let q be c(-10). Let d be -1 + (9 - q)*2. What is the greatest common factor of 1 and d?
1
Let f = -91 + 189. Suppose -k + 28 = d + 13, d + 2*k = 16. What is the greatest common factor of d and f?
14
Let h = -34 + 40. Suppose 0 = b + h*b - 42. What is the highest common divisor of 15 and b?
3
Suppose 39*s = 35*s + 64. What is the greatest common factor of s and 80?
16
Let c = 7 + -13. Let x(g) = -1 - 1 + 11 - 11 - 2*g. Let f be x(c). What is the highest common factor of 90 and f?
10
Let u = 456 + 164. Calculate the greatest common factor of 60 and u.
20
Suppose 0*s = 24*s - 8424. What is the highest common factor of s and 13?
13
Let l(p) = -p**3 + 32*p**2 - 79*p + 11. Let a be l(29). Calculate the greatest common divisor of a and 1377.
81
Suppose 15*k - 28 - 62 = 0. Suppose -k*r + 770 = 230. Calculate the greatest common factor of r and 6.
6
Let i(l) be the first derivative of l**3/3 + l**2 + 5*l - 10. Let x be i(3). What is the highest common divisor of 5 and x?
5
Let q = -50 + 390. What is the greatest common factor of 17 and q?
17
Let v(c) = -c**2 + 2*c + 16. Let m be v(-8). Let k = m + 112. Suppose 0 = 3*g - q - 49, -4*g - 3*q = -0*g - k. Calculate the greatest common divisor of g and 6.
3
Suppose 157 = 8*h + 109. Calculate the highest common divisor of 4 and h.
2
Suppose -3*b = -5*t + 11, 0 = 3*t - b - b - 6. Suppose l + 0 = t. Suppose 16*h = 6*h + 120. Calculate the highest common factor of h and l.
4
Suppose 0 = -152*b + 162*b - 1600. What is the highest common divisor of b and 30?
10
Let s be (-14)/(-1) + -10 + 10. Calculate the greatest common factor of 49 and s.
7
Let f(b) = b**2 + 12*b + 9. Suppose -5*n - 4*j = 69, 4*j + 56 = -4*n - 0*j. Let g be f(n). What is the highest common factor of 2 and g?
2
Let y(a) = -a**3 + 10*a**2 - a - 26. Let l(k) = -k + 1. Let x(w) = -2*l(w) - y(w). Let h be x(10). Calculate the highest common factor of 6 and h.
6
Let s be (2/(-3))/((-2)/57). Suppose 0 = f - 5*o - 1, -2*f - o = -0*f - 24. Suppose 0 = -12*r + f*r + 76. Calculate the greatest common factor of s and r.
19
Let w(s) = -8*s. Suppose 6*i + 4*u = 3*i - 11, -2*i - u = 4. Let a be w(i). What is the greatest common divisor of 1 and a?
1
Let y = 668 + -503. Let t be ((-66)/(-4))/(-1)*-2. What is the highest common factor of y and t?
33
Let c(j) = j**3 + 7*j**2 + 3*j - 2. Let g = -9 + 14. Suppose 0 = -3*i + g*d - 13, d - 5 = i. Let u be c(i). Calculate the highest common divisor of 112 and u.
16
Let o(t) = 212*t + 18 + 24 - 106*t - 88*t - t**2. Let v be o(20). What is the greatest common divisor of v and 4?
2
Suppose -5*h = 13*h - 414. What is the highest common divisor of h and 299?
23
Let h = 389 - 158. Suppose 147 = 3*q - h. Let b = 43 - 29. Calculate the greatest common factor of q and b.
14
Let s be 19 - 0/(3 + -2). Let c(p) = -4 - 19*p - p**3 - 8*p**2 + 3*p**3 - 5 + 25*p. Let d be c(6). Calculate the greatest common divisor of s and d.
19
Let b = -1280 - -1328. What is the greatest common factor of 2544 and b?
48
Let n = 14 - 2. Suppose 0 = r + 2*r - n. Suppose -3*p + 3*q = -63, 0*p + 5*p - r*q - 102 = 0. Calculate the highest common factor of 2 and p.
2
Let v(u) be the third derivative of u**6/120 - u**5/12 + u**4/6 + 5*u**3/3 - 10*u**2. Let o be v(4). What is the greatest common factor of o and 80?
10
Suppose 15*u + 98 - 428 = 0. Calculate the greatest common factor of 110 and u.
22
Let p(u) = -2*u + 11. Let l be p(6). Let s be (0/l)/(-7 - -5). Suppose 6*x - 4*x - 38 = s. Calculate the highest common factor of 19 and x.
19
Let l(j) = -11*j + 193. Let k be l(-49). Calculate the highest common factor of k and 96.
12
Let x be -2 - 585/(-20) - 3/12. Let g = 4 + 50. Calculate the greatest common divisor of g and x.
27
Suppose 51*r - 54*r + 30 = 0. Calculate the highest common factor of 160 and r.
10
Suppose 0*x = x + 12. Let g be (x/30)/((-2)/60). Suppose 3*c - 7 - 29 = 0. Calculate the highest common divisor of c and g.
12
Let x = -2 + 6. Let o be -5*((1 - x) + 2). Suppose -2*l = 4*h - 20, -8*h = 3*l - 3*h - 30. Calculate the highest common factor of o and l.
5
Let z = 4 + -8. Let y(r) = -2*r**3 - 2*r - 1 + 0*r + 2 - 6*r**2 - 6. Let f be y(z). What is the highest common factor of f and 7?
7
Let g = -201 - -297. Let a = -61 + g. Suppose 0*p + a = 5*p. What is the highest common factor of p and 21?
7
Suppose 21*d - 1872 = 5*d. Calculate the highest common divisor of d and 13.
13
Let p be 26/3*(341/22 + -5). Calculate the highest common divisor of p and 52.
13
Let a be (1/(-3))/(-1)*-3. Let j be a/(-5) - (-99)/5. Let l = 151 + -146. What is the greatest common divisor of l and j?
5
Let y be (-4504)/(-12) + 1/(-3). Let p = y + -265. Let q(c) = -6*c + 118. Let b be q(18). What is the highest common divisor of b and p?
10
Let d = 70 + -73. Let r be 45 - (d + 20/5). Calculate the greatest common divisor of r and 11.
11
Let r = -6 + 16. Let q(h) = -h**2 - 7*h - 6. Let c be q(-5). Suppose 5*f - 295 = -t, -3*f = -c*f - 3*t + 45. What is the greatest common divisor of f and r?
10
Let r = -15 + -35. Let i = -34 - r. Calculate the greatest common factor of i and 176.
16
Suppose 2*t - 4*j - 237 - 539 = 0, -4*t - 4*j = -1600. Let g(r) =